[INFO] cloning repository https://github.com/ShariqAteeq/Embedded-Rust-Learning
[INFO] running `Command { std: "git" "-c" "credential.helper=" "-c" "credential.helper=/workspace/cargo-home/bin/git-credential-null" "clone" "--bare" "https://github.com/ShariqAteeq/Embedded-Rust-Learning" "/workspace/cache/git-repos/https%3A%2F%2Fgithub.com%2FShariqAteeq%2FEmbedded-Rust-Learning", kill_on_drop: false }`
[INFO] [stderr] Cloning into bare repository '/workspace/cache/git-repos/https%3A%2F%2Fgithub.com%2FShariqAteeq%2FEmbedded-Rust-Learning'...
[INFO] running `Command { std: "git" "rev-parse" "HEAD", kill_on_drop: false }`
[INFO] [stdout] 9b3849a46193c9b86bd472a28a2f85fdee0ee6a9
[INFO] checking ShariqAteeq/Embedded-Rust-Learning against master#e6e4f7ed1589e03bc2f6c5931c1a72e7947e8682 for beta-170-4
[INFO] running `Command { std: "git" "clone" "/workspace/cache/git-repos/https%3A%2F%2Fgithub.com%2FShariqAteeq%2FEmbedded-Rust-Learning" "/workspace/builds/worker-7-tc2/source", kill_on_drop: false }`
[INFO] [stderr] Cloning into '/workspace/builds/worker-7-tc2/source'...
[INFO] [stderr] done.
[INFO] [stderr] Updating files:  46% (568/1225)
Updating files:  47% (576/1225)
Updating files:  48% (588/1225)
Updating files:  49% (601/1225)
Updating files:  50% (613/1225)
Updating files:  51% (625/1225)
Updating files:  52% (637/1225)
Updating files:  53% (650/1225)
Updating files:  54% (662/1225)
Updating files:  55% (674/1225)
Updating files:  56% (686/1225)
Updating files:  57% (699/1225)
Updating files:  58% (711/1225)
Updating files:  59% (723/1225)
Updating files:  60% (735/1225)
Updating files:  61% (748/1225)
Updating files:  62% (760/1225)
Updating files:  63% (772/1225)
Updating files:  64% (784/1225)
Updating files:  65% (797/1225)
Updating files:  66% (809/1225)
Updating files:  67% (821/1225)
Updating files:  68% (833/1225)
Updating files:  69% (846/1225)
Updating files:  70% (858/1225)
Updating files:  71% (870/1225)
Updating files:  72% (882/1225)
Updating files:  73% (895/1225)
Updating files:  74% (907/1225)
Updating files:  75% (919/1225)
Updating files:  76% (931/1225)
Updating files:  77% (944/1225)
Updating files:  78% (956/1225)
Updating files:  79% (968/1225)
Updating files:  80% (980/1225)
Updating files:  81% (993/1225)
Updating files:  82% (1005/1225)
Updating files:  83% (1017/1225)
Updating files:  84% (1029/1225)
Updating files:  85% (1042/1225)
Updating files:  86% (1054/1225)
Updating files:  87% (1066/1225)
Updating files:  88% (1078/1225)
Updating files:  89% (1091/1225)
Updating files:  90% (1103/1225)
Updating files:  91% (1115/1225)
Updating files:  92% (1127/1225)
Updating files:  93% (1140/1225)
Updating files:  94% (1152/1225)
Updating files:  95% (1164/1225)
Updating files:  96% (1176/1225)
Updating files:  97% (1189/1225)
Updating files:  98% (1201/1225)
Updating files:  99% (1213/1225)
Updating files: 100% (1225/1225)
Updating files: 100% (1225/1225), done.
[INFO] validating manifest of git repo https://github.com/ShariqAteeq/Embedded-Rust-Learning on toolchain e6e4f7ed1589e03bc2f6c5931c1a72e7947e8682
[INFO] running `Command { std: CARGO_HOME="/workspace/cargo-home" RUSTUP_HOME="/workspace/rustup-home" "/workspace/cargo-home/bin/cargo" "+e6e4f7ed1589e03bc2f6c5931c1a72e7947e8682" "metadata" "--manifest-path" "Cargo.toml" "--no-deps", kill_on_drop: false }`
[INFO] started tweaking git repo https://github.com/ShariqAteeq/Embedded-Rust-Learning
[INFO] finished tweaking git repo https://github.com/ShariqAteeq/Embedded-Rust-Learning
[INFO] tweaked toml for git repo https://github.com/ShariqAteeq/Embedded-Rust-Learning written to /workspace/builds/worker-7-tc2/source/Cargo.toml
[INFO] crate git repo https://github.com/ShariqAteeq/Embedded-Rust-Learning already has a lockfile, it will not be regenerated
[INFO] running `Command { std: CARGO_HOME="/workspace/cargo-home" RUSTUP_HOME="/workspace/rustup-home" "/workspace/cargo-home/bin/cargo" "+e6e4f7ed1589e03bc2f6c5931c1a72e7947e8682" "fetch" "--manifest-path" "Cargo.toml", kill_on_drop: false }`
[INFO] running `Command { std: "docker" "create" "-v" "/var/lib/crater-agent-workspace/builds/worker-7-tc2/target:/opt/rustwide/target:rw,Z" "-v" "/var/lib/crater-agent-workspace/builds/worker-7-tc2/source:/opt/rustwide/workdir:ro,Z" "-v" "/var/lib/crater-agent-workspace/cargo-home:/opt/rustwide/cargo-home:ro,Z" "-v" "/var/lib/crater-agent-workspace/rustup-home:/opt/rustwide/rustup-home:ro,Z" "-e" "SOURCE_DIR=/opt/rustwide/workdir" "-e" "CARGO_TARGET_DIR=/opt/rustwide/target" "-e" "CARGO_HOME=/opt/rustwide/cargo-home" "-e" "RUSTUP_HOME=/opt/rustwide/rustup-home" "-w" "/opt/rustwide/workdir" "-m" "1610612736" "--user" "0:0" "--network" "none" "ghcr.io/rust-lang/crates-build-env/linux@sha256:5ff2268d62e97bff2cde7d5815dd6ed5b47097566f13b8d0ca110b04b60e07ed" "/opt/rustwide/cargo-home/bin/cargo" "+e6e4f7ed1589e03bc2f6c5931c1a72e7947e8682" "metadata" "--no-deps" "--format-version=1", kill_on_drop: false }`
[INFO] [stdout] 4f0a0712e6e4683400caaa2afbc3b94c722c99a0e26fe9694ea78af24318ae40
[INFO] running `Command { std: "docker" "start" "-a" "4f0a0712e6e4683400caaa2afbc3b94c722c99a0e26fe9694ea78af24318ae40", kill_on_drop: false }`
[INFO] running `Command { std: "docker" "inspect" "4f0a0712e6e4683400caaa2afbc3b94c722c99a0e26fe9694ea78af24318ae40", kill_on_drop: false }`
[INFO] running `Command { std: "docker" "rm" "-f" "4f0a0712e6e4683400caaa2afbc3b94c722c99a0e26fe9694ea78af24318ae40", kill_on_drop: false }`
[INFO] [stdout] 4f0a0712e6e4683400caaa2afbc3b94c722c99a0e26fe9694ea78af24318ae40
[INFO] running `Command { std: "docker" "create" "-v" "/var/lib/crater-agent-workspace/builds/worker-7-tc2/target:/opt/rustwide/target:rw,Z" "-v" "/var/lib/crater-agent-workspace/builds/worker-7-tc2/source:/opt/rustwide/workdir:ro,Z" "-v" "/var/lib/crater-agent-workspace/cargo-home:/opt/rustwide/cargo-home:ro,Z" "-v" "/var/lib/crater-agent-workspace/rustup-home:/opt/rustwide/rustup-home:ro,Z" "-e" "SOURCE_DIR=/opt/rustwide/workdir" "-e" "CARGO_TARGET_DIR=/opt/rustwide/target" "-e" "CARGO_INCREMENTAL=0" "-e" "RUST_BACKTRACE=full" "-e" "RUSTFLAGS=--cap-lints=forbid" "-e" "RUSTDOCFLAGS=--cap-lints=forbid" "-e" "CARGO_HOME=/opt/rustwide/cargo-home" "-e" "RUSTUP_HOME=/opt/rustwide/rustup-home" "-w" "/opt/rustwide/workdir" "-m" "1610612736" "--user" "0:0" "--network" "none" "ghcr.io/rust-lang/crates-build-env/linux@sha256:5ff2268d62e97bff2cde7d5815dd6ed5b47097566f13b8d0ca110b04b60e07ed" "/opt/rustwide/cargo-home/bin/cargo" "+e6e4f7ed1589e03bc2f6c5931c1a72e7947e8682" "check" "--frozen" "--all" "--all-targets" "--message-format=json", kill_on_drop: false }`
[INFO] [stdout] ee8708c58e9644aab715c508c7c49f55923069dbab36115d262f84a51b0e88c9
[INFO] running `Command { std: "docker" "start" "-a" "ee8708c58e9644aab715c508c7c49f55923069dbab36115d262f84a51b0e88c9", kill_on_drop: false }`
[INFO] [stderr]    Compiling typenum v1.11.2
[INFO] [stderr]    Compiling semver-parser v0.7.0
[INFO] [stderr]    Compiling proc-macro2 v1.0.7
[INFO] [stderr]    Compiling unicode-xid v0.2.0
[INFO] [stderr]    Compiling cortex-m v0.6.2
[INFO] [stderr]     Checking stable_deref_trait v1.1.1
[INFO] [stderr]     Checking vcell v0.1.2
[INFO] [stderr]    Compiling syn v1.0.13
[INFO] [stderr]     Checking void v1.0.2
[INFO] [stderr]    Compiling cortex-m-rt v0.6.11
[INFO] [stderr]     Checking volatile-register v0.2.0
[INFO] [stderr]     Checking nb v0.1.2
[INFO] [stderr]    Compiling cortex-m v0.5.10
[INFO] [stderr]     Checking embedded-hal v0.2.3
[INFO] [stderr]    Compiling semver v0.9.0
[INFO] [stderr]    Compiling stm32f30x v0.7.1
[INFO] [stderr]    Compiling rustc_version v0.2.3
[INFO] [stderr]     Checking aligned v0.2.0
[INFO] [stderr]     Checking r0 v0.2.2
[INFO] [stderr]    Compiling f3 v0.6.1
[INFO] [stderr]    Compiling byteorder v1.3.2
[INFO] [stderr]     Checking m v0.1.1
[INFO] [stderr]     Checking panic-halt v0.2.0
[INFO] [stderr]    Compiling bare-metal v0.2.5
[INFO] [stderr]    Compiling cast v0.2.3
[INFO] [stderr]    Compiling quote v1.0.2
[INFO] [stderr]     Checking hash32 v0.1.1
[INFO] [stderr]     Checking generic-array v0.12.3
[INFO] [stderr]     Checking generic-array v0.13.2
[INFO] [stderr]     Checking generic-array v0.11.1
[INFO] [stderr]     Checking as-slice v0.1.2
[INFO] [stderr]     Checking l3gd20 v0.2.0
[INFO] [stderr]     Checking lsm303dlhc v0.2.0
[INFO] [stderr]     Checking heapless v0.3.7
[INFO] [stderr]     Checking aligned v0.3.2
[INFO] [stderr]     Checking panic-itm v0.4.1
[INFO] [stderr]    Compiling cortex-m-rt-macros v0.1.7
[INFO] [stderr]     Checking stm32f30x-hal v0.2.0
[INFO] [stderr]     Checking aux8 v0.1.0 (/opt/rustwide/workdir/src/08-leds-again/auxiliary)
[INFO] [stderr]     Checking aux11 v0.1.0 (/opt/rustwide/workdir/src/11-usart/auxiliary)
[INFO] [stderr]     Checking aux7 v0.1.0 (/opt/rustwide/workdir/src/07-registers/auxiliary)
[INFO] [stderr]     Checking aux5 v0.1.0 (/opt/rustwide/workdir/src/05-led-roulette/auxiliary)
[INFO] [stderr]     Checking aux14 v0.1.0 (/opt/rustwide/workdir/src/14-i2c/auxiliary)
[INFO] [stderr]     Checking aux16 v0.1.0 (/opt/rustwide/workdir/src/16-punch-o-meter/auxiliary)
[INFO] [stderr]     Checking aux6 v0.1.0 (/opt/rustwide/workdir/src/06-hello-world/auxiliary)
[INFO] [stderr]     Checking aux9 v0.1.0 (/opt/rustwide/workdir/src/09-clocks-and-timers/auxiliary)
[INFO] [stderr]     Checking aux15 v0.1.0 (/opt/rustwide/workdir/src/15-led-compass/auxiliary)
[INFO] [stderr]     Checking hello-world v0.1.0 (/opt/rustwide/workdir/src/06-hello-world)
[INFO] [stderr]     Checking usart v0.1.0 (/opt/rustwide/workdir/src/11-usart)
[INFO] [stderr]     Checking led-roulette v0.1.0 (/opt/rustwide/workdir/src/05-led-roulette)
[INFO] [stdout] warning: use of deprecated method `f3::stm32f30x_hal::prelude::_embedded_hal_digital_OutputPin::set_high`: Deprecated because the methods cannot return errors. Users should use the traits in digital::v2.
[INFO] [stdout]   --> src/16-punch-o-meter/auxiliary/src/lib.rs:31:9
[INFO] [stdout]    |
[INFO] [stdout] 31 |     nss.set_high();
[INFO] [stdout]    |         ^^^^^^^^
[INFO] [stdout]    |
[INFO] [stdout]    = note: `#[warn(deprecated)]` on by default
[INFO] [stdout] 
[INFO] [stdout] 
[INFO] [stderr]     Checking registers v0.1.0 (/opt/rustwide/workdir/src/07-registers)
[INFO] [stdout] error[E0152]: duplicate lang item in crate `std` (which `test` depends on): `panic_impl`.
[INFO] [stdout]   |
[INFO] [stdout]   = note: the lang item is first defined in crate `panic_itm` (which `aux6` depends on)
[INFO] [stdout]   = note: first definition in `panic_itm` loaded from /opt/rustwide/target/debug/deps/libpanic_itm-2b43f9a0ec710751.rmeta
[INFO] [stdout]   = note: second definition in `std` loaded from /opt/rustwide/rustup-home/toolchains/e6e4f7ed1589e03bc2f6c5931c1a72e7947e8682/lib/rustlib/x86_64-unknown-linux-gnu/lib/libstd-a8a9ba95b1228749.rlib
[INFO] [stdout] 
[INFO] [stdout] 
[INFO] [stdout] error: aborting due to previous error
[INFO] [stdout] 
[INFO] [stdout] 
[INFO] [stdout] For more information about this error, try `rustc --explain E0152`.
[INFO] [stdout] 
[INFO] [stderr] error: could not compile `hello-world` (bin "hello-world" test) due to 2 previous errors
[INFO] [stderr] warning: build failed, waiting for other jobs to finish...
[INFO] [stdout] warning: 1 warning emitted
[INFO] [stdout] 
[INFO] [stdout] 
[INFO] [stdout] error: language item required, but not found: `eh_personality`
[INFO] [stdout]   |
[INFO] [stdout]   = note: this can occur when a binary crate with `#![no_std]` is compiled for a target where `eh_personality` is defined in the standard library
[INFO] [stdout]   = help: you may be able to compile for a target that doesn't need `eh_personality`, specify a target with `--target` or in `.cargo/config`
[INFO] [stdout] 
[INFO] [stdout] 
[INFO] [stdout] error: aborting due to previous error
[INFO] [stdout] 
[INFO] [stdout] 
[INFO] [stderr] error: could not compile `usart` (bin "usart") due to 2 previous errors
[INFO] [stdout] error[E0152]: duplicate lang item in crate `std` (which `test` depends on): `panic_impl`.
[INFO] [stdout]   |
[INFO] [stdout]   = note: the lang item is first defined in crate `panic_halt` (which `aux5` depends on)
[INFO] [stdout]   = note: first definition in `panic_halt` loaded from /opt/rustwide/target/debug/deps/libpanic_halt-5f28aa5a56e3ee20.rmeta
[INFO] [stdout]   = note: second definition in `std` loaded from /opt/rustwide/rustup-home/toolchains/e6e4f7ed1589e03bc2f6c5931c1a72e7947e8682/lib/rustlib/x86_64-unknown-linux-gnu/lib/libstd-a8a9ba95b1228749.rlib
[INFO] [stdout] 
[INFO] [stdout] 
[INFO] [stdout] error: aborting due to previous error
[INFO] [stdout] 
[INFO] [stdout] 
[INFO] [stdout] For more information about this error, try `rustc --explain E0152`.
[INFO] [stdout] 
[INFO] [stderr] error: could not compile `led-roulette` (bin "led-roulette" test) due to 2 previous errors
[INFO] [stdout] error[E0152]: duplicate lang item in crate `std` (which `test` depends on): `panic_impl`.
[INFO] [stdout]   |
[INFO] [stdout]   = note: the lang item is first defined in crate `panic_itm` (which `aux7` depends on)
[INFO] [stdout]   = note: first definition in `panic_itm` loaded from /opt/rustwide/target/debug/deps/libpanic_itm-2b43f9a0ec710751.rmeta
[INFO] [stdout]   = note: second definition in `std` loaded from /opt/rustwide/rustup-home/toolchains/e6e4f7ed1589e03bc2f6c5931c1a72e7947e8682/lib/rustlib/x86_64-unknown-linux-gnu/lib/libstd-a8a9ba95b1228749.rlib
[INFO] [stdout] 
[INFO] [stdout] 
[INFO] [stdout] error: aborting due to previous error
[INFO] [stdout] 
[INFO] [stdout] 
[INFO] [stdout] For more information about this error, try `rustc --explain E0152`.
[INFO] [stdout] 
[INFO] [stderr] error: could not compile `registers` (bin "registers" test) due to 2 previous errors
[INFO] running `Command { std: "docker" "inspect" "ee8708c58e9644aab715c508c7c49f55923069dbab36115d262f84a51b0e88c9", kill_on_drop: false }`
[INFO] running `Command { std: "docker" "rm" "-f" "ee8708c58e9644aab715c508c7c49f55923069dbab36115d262f84a51b0e88c9", kill_on_drop: false }`
[INFO] [stdout] ee8708c58e9644aab715c508c7c49f55923069dbab36115d262f84a51b0e88c9
